ve i(j).
-4
Let c(r) be the second derivative of 0*r**2 + 0*r**3 - 2*r + 0 - 1/12*r**4. Let w = 14 + -17. Calculate c(w).
-9
Let j(t) = 278 + 5*t + t**2 - 7*t**2 - 282 + t**3. Let r(g) = -g. Let f be r(-5). Give j(f).
-4
Let k(x) = 2*x + 2. Suppose 2*s + 2*s = -16. What is k(s)?
-6
Let d(o) = 2*o + 4. Let v be 9 - (1 + 1) - 3. Suppose -4*l - p = 14, 4*l + 3*p - v = -22. What is d(l)?
-2
Let b(x) = x - 6. Let w(u) = -u**3 - 3*u**2 - 3*u - 4. Let t be w(-3). What is b(t)?
-1
Suppose 9 = 4*u - 15. Let s = u - 4. Let f(a) = -s*a - 1 + 0*a - 2*a - 7*a. What is f(1)?
-12
Let t(s) be the third derivative of s**4/8 + 28*s**2. What is t(-2)?
-6
Let a = -4 + 30. Suppose 5*j = 14 + a. Let g(c) = j + 0*c + 4 + 3*c - 2*c. Calculate g(0).
12
Let v = -11 + 15. Suppose -v*n = -5*n + 5. Let j(h) = h**3 - 5*h**2 - 6. Calculate j(n).
-6
Let d(w) = -w**3 + w**2 + w - 5. Let p be 2/10 + 2/(-10). What is d(p)?
-5
Let t(i) = -1 - i**3 + 0*i + 3 + i. Suppose 14 = -v - 3*g, -2 + 4 = -3*v + g. Calculate t(v).
8
Let n(z) = 8*z**2 + 2*z - 1. Let d be (-4)/(-18) - 20/9. Let x(j) = -j**3 + 14*j**2 - 12*j - 10. Let r be x(13). Let q = d + r. What is n(q)?
9
Let d(p) be the first derivative of -1 + 2/3*p**3 - 1/2*p**2 - p. Suppose 9*a + 14 = -5*o + 7*a, 3*a + 6 = 0. What is d(o)?
9
Let v(q) = 4*q + 3. Let l = -19 - -63. Let y be l/16 - 2/(-8). Give v(y).
15
Suppose 5*t = -o - 8 - 2, 32 = 2*o - 3*t. Let c = 16 - o. Let s(r) = -r. Give s(c).
-6
Let n = -9 + 13. Let x be -4 + 1 + (-12)/n. Let h(z) = -z**3 - 6*z**2 + z - 1. Determine h(x).
-7
Let a(n) = -n**3 + n. Let q(t) = 4*t**3 - 3*t + 1. Let r(g) = -3*a(g) - q(g). Give r(-2).
7
Let w = 7 + -5. Let p = 1 + w. Let s(v) = -5*v**2 - 1 + 4*v**2 + 4*v - v**2. Determine s(p).
-7
Let i(n) = -n**3 - 5*n**2 - n**3 - 6*n + 3*n**3 - 2. What is i(5)?
-32
Let w(p) = 4 - 3*p - 3*p + 2*p + 3*p. What is w(-4)?
8
Let u = 4 - 1. Suppose u = -2*c - 1. Let h(j) be the first derivative of -j**4/4 + 3*j**2/2 + 3*j - 1. Determine h(c).
5
Let i be (4 - 0/(-1)) + 0. Let b(q) = -i - 4*q - 2*q**2 + 1 + q**3 + 2*q. Suppose -2*p = -c - 4*p + 9, -3*c - 3 = -4*p. What is b(c)?
0
Let t(k) = 3*k + 1. Let q be (18/15)/(9/30). Give t(q).
13
Let q(o) be the second derivative of o**5/20 + o**4/4 - 2*o**3/3 - 3*o**2 - 15*o. Determine q(-4).
-6
Let c(n) be the second derivative of n**3/6 - 11*n**2/2 - 30*n. Calculate c(8).
-3
Let p(g) = g**2 - 4*g - 7. Let q = 14 - -16. Let w be (2/(-6))/((-2)/q). Determine p(w).
-2
Let y(c) be the second derivative of c**3/3 + 4*c**2 - 27*c. What is y(-7)?
-6
Suppose -5*n + 2*y + 23 = -0*n, 10 = 3*n - 5*y. Let q(v) = -5 + 5*v - n - v**2 + 6. Calculate q(4).
0
Let f(k) = 10*k**2 - 5. Suppose 3*c = -0*c - 15. Let t(z) = z**2 - 3 + 6*z**2 + 0*z**2. Let h(i) = c*f(i) + 7*t(i). Calculate h(3).
-5
Suppose 1 = 3*c - 2. Let k(f) = -2 + 13*f + c - 2*f - 2*f. Determine k(1).
8
Suppose 2*t - 3 = n, -n + 3 = 3*n - 3*t. Let x(p) = -p**3 + 4*p**2 - 3*p + 2. What is x(n)?
2
Suppose -4*n = d + 4*d - 47, 0 = 4*n - 2*d - 26. Let r(g) = -g + 2 - n*g**2 + 3*g + 9*g**2 - g**3. Determine r(3).
-10
Let o(p) = p + 1. Let i(n) be the second derivative of -n**4/12 + n**3/3 - 11*n**2/2 - 5*n. Let c(s) = i(s) + 4*o(s). Calculate c(6).
-7
Let t(f) = 20*f - 33*f + 15*f. Let y(c) = -c**3 + 6*c**2 - c + 8. Let q be y(6). Let x(a) = -a. Let s(j) = q*t(j) + 6*x(j). Give s(-2).
4
Let g(w) = 4 - 4 + 2 + 0 - 3*w. Let u be (-57)/(-21) - 2/(-7). Determine g(u).
-7
Let i(n) = n**3 + 3*n**2 - 2*n - 1. Let k = -1 - -3. Suppose -2*m = m + 9, -2*t = 4*m - k. Suppose t = -w + s, 0*w + 11 = -w + 2*s. Calculate i(w).
5
Let f = 32 + -30. Let c(j) be the first derivative of -j + f - 2/3*j**3 + 0*j**2. What is c(-1)?
-3
Let m(z) be the second derivative of z**5/20 + z**4/6 - 2*z**3/3 - z**2 + 22*z. What is m(-3)?
1
Let m(i) = 6*i**3 - 2*i - 1. Suppose -t - t + 6 = 0, -z + 3*t - 8 = 0. Suppose z - 6 = -s. Suppose 4*x + x + s*o = 10, -3*o + 4 = 5*x. Determine m(x).
-5
Let a(r) be the first derivative of 2*r - 5 + 1/4*r**4 + 3/2*r**2 - 4/3*r**3. Calculate a(3).
2
Suppose -3*k - 3*q = -4*q - 9, 5*q = -4*k + 12. Suppose -x - 24 + 10 = k*f, -2 = 5*x - 2*f. Let r(w) = -2*w - 2. Give r(x).
2
Let p(z) = 5*z**3 - z**2. Let o(k) = k**2 + 6*k - 7. Let n be o(-5). Let d = 7 + n. Let c be d/((-15)/6) - 3. What is p(c)?
-6
Suppose -1 = -2*j - 7. Let k(b) = -b - 5. Let z(o) = 1. Let t(y) = -k(y) - 6*z(y). Determine t(j).
-4
Let x(z) = z**3 + 2*z**2 + z - 1. Suppose 1 = -2*m + 4*l - 3*l, -4*l = 4*m + 20. Determine x(m).
-3
Let j(d) = -4*d**3 + 2*d**2 - 1. Suppose -3*t + 14 = -z - 2, -5*t = -25. Determine j(z).
5
Let s(o) be the first derivative of -o**5/30 + o**4/24 + o**3/3 + o**2 - 3. Let l(b) be the second derivative of s(b). Suppose q + 10 = 6*q. Calculate l(q).
-4
Suppose 0 = -l - l + 4. Suppose -l*y + 5*o + 16 = 0, -5*o = 3*y - 0*o + 1. Let t(u) = u**2 - 2*u - 3. Calculate t(y).
0
Let w(k) = -32 + 68 + 4*k**2 + k**3 + 2*k + 0*k - 34. Determine w(-2).
6
Let v be (-1)/(1 + 12/(-9)). Let t(n) be the first derivative of -1/3*n**v + 1 - 2*n + 2*n**2. Determine t(3).
1
Suppose -5*s - 25 = -0*s. Let c be 5 + s + 2 + 0. Suppose -5*x + 7 = c. Let q(f) = 9*f**2 + 2*f - 1. Calculate q(x).
10
Suppose -m + c + 5 + 0 = 0, -5*m + 11 = 2*c. Let z be (0 - 0)/(m - 4). Suppose a = 3 - z. Let n(u) = 2*u. Determine n(a).
6
Suppose 5*h + 6 - 16 = 0. Let g(u) = 2 + 3*u - 3*u - 4*u. What is g(h)?
-6
Let y(m) be the first derivative of -m**6/120 - m**5/30 + m**4/24 - m**3/6 + 3*m**2/2 + 1. Let b(x) be the second derivative of y(x). Determine b(-3).
5
Let h(j) = -j + 2. Suppose -5*b - 125 = -3*l, -l + 27 = -0*l + 2*b. Suppose 5*m = -4*a + l, -m = m - 6. What is h(a)?
-3
Suppose 0*j + q - 3 = 3*j, 0 = -2*j - 4*q + 12. Let i(m) = 2*m + j*m + m + 0*m + 5. Determine i(-5).
-10
Let t(g) = -2*g + 0 + 7 + 3 + 0*g. Give t(9).
-8
Suppose 2*o + 0*o + 6 = 0. Let p(s) = -s**2 + 2. Determine p(o).
-7
Let b(k) = 40 + 2*k**2 - 77 + 35. Let x(g) = -g**2 + 7*g - 8. Let f be x(6). Give b(f).
6
Let s(y) = -y + 9. Suppose 0 = 2*b - b + 2*a - 16, -3*a = -3*b + 21. Let w be s(b). Let i(h) be the second derivative of -7*h**3/6 - 3*h. Determine i(w).
7
Let b(x) = -x - 6. Let q(h) = -h - 5. Let a(r) = 6*b(r) - 5*q(r). Determine a(-6).
-5
Let h(s) = -4*s - 12. Let d(w) = -w - 3. Let j(b) = 9*d(b) - 2*h(b). Suppose -3*m = -2*m + 5. Let r be m*(-3 - -4)*1. Calculate j(r).
2
Let r(w) = -w - 7. Let z = 24 + -29. What is r(z)?
-2
Let m = 14 - 9. Let a(o) = -3*o - 7. Let g(j) = -j - 1. Let d(t) = a(t) - 5*g(t). Determine d(m).
8
Let s(z) = -5*z**2 - 2*z - 3. Let v(m) = 4*m**2 + m + 2. Let k(y) = -2*s(y) - 3*v(y). Let x be k(2). Let w(u) = -u - 6. What is w(x)?
0
Let z = -88 + 179/2. Let j(a) be the second derivative of 2*a + z*a**2 + 1/6*a**3 + 0. What is j(-5)?
-2
Let k be (1 - -1)/(4/(-2)). Let o(y) be the second derivative of y**4/2 - y**3/6 - y**2/2 + 8*y. What is o(k)?
6
Let z(o) be the first derivative of -o**5/60 + 3*o**3/2 - o**2 + 3. Let w(t) be the second derivative of z(t). Calculate w(0).
9
Let r(h) = -h**3 + 5*h**2 - 4*h. Let q(n) = -n - 8. Let j be q(-11). Suppose z - 2*z - 4*x = 17, -5*z - j*x = 0. Let c be 2/z - (-35)/15. Calculate r(c).
6
Let d = 4 - 2. Let x(a) = -a**3 - 7*a + 8*a + 5 - 7. What is x(d)?
-8
Let q be (4/6)/((-2)/15). Let l(m) = m**2 + 4*m + 1. Calculate l(q).
6
Let m = 0 - -7. Suppose -4*h + 7 = 5*o, -h + 3*h + m = o. Let y(z) be the third derivative of z**6/120 + z**5/60 - z**4/24 - z**3/3 + 13*z**2. Give y(h).
-4
Let f(i) = -4*i - 1. Let o be 2/(-4)*(1 + 1). Let x be f(o). Suppose x*s = 1 - 16. Let r(u) = u**3 + 5*u**2 + 2. Calculate r(s).
2
Let t be -4*(2 - (-22)/(-8)). Suppose 5*c = -t*b - 13, -c + 13 = 4*b - 6*b. Let s(l) = l + 6. What is s(b)?
0
Let k(i) = 2*i**3 - 1 - 3*i + 8 - 3*i**2 - 3*i**2 - 3*i**3. Let a be k(-5). Let u(t) = -3*t - 4. What is u(a)?
5
Let u(o) be the second derivative of o**8/6720 + o**7/504 + o**6/180 - o**5/60 + o**4/4 - 3*o. Let n(z) be the third derivative of u(z). Determine n(-4).
-2
Let a be -1 - (6/(-2) + 4). Let c(m) = m**2 - 2*m + 1. Determine c(a).
9
Let q be (8/(-10))/((-4)/10). Suppose i - 8 = -3*i. Let v(r) = r**2 + i*r**3 - r**3 - r - 1 - 2*r**q. Determine v(2).
1
Let b(o) = o**2 - 2*o - 6. Suppose 0 = -4*f + g + 20, 0*g - 20 = -4*f + 4*g. Calculate b(f).
9
Let g(r) 